 What is f(w)?
7
Let b(w) = 10*w**3 - 9*w**2 + 4*w - 14. Let z(v) = -10*v**3 + 8*v**2 - 4*v + 12. Let n(i) = 5*b(i) + 6*z(i). Determine n(1).
-9
Let a be ((-8 - 3) + 8)*(-1 + 3). Let c(h) = -h**3 - 7*h**2 - 7*h - 2. Determine c(a).
4
Suppose c + 0 - 4 = 0. Let x(k) = -8*k - 4*k + 19*k - 4*k - 4*k. Give x(c).
-4
Let i(x) = x**2 + x. Let n be i(0). Let d(m) = -m + 3*m**2 + n*m**2 + m**2 + 10 - 3*m**2. Determine d(0).
10
Let u(h) = -h**2 - 11*h - 3. Let w(t) = 3*t**2 + 33*t + 10. Let p(k) = 17*u(k) + 6*w(k). Calculate p(-10).
-1
Suppose v - 9 + 7 = 0. Let a(x) = -4*x**v - 6*x**3 + 6*x**3 + 4 - 5*x + x**3. Suppose 12 = 4*c - 4. What is a(c)?
-16
Let q(f) = -8*f - 4. Let g be q(-1). Let x(l) be the first derivative of -5 - 1/4*l**g + 7/2*l**2 + 4/3*l**3 - 7*l. Determine x(5).
3
Let h be -7 + (-6)/((-72)/86). Let n(d) be the second derivative of -1/6*d**4 - h*d**3 - 5*d + 0 + 1/20*d**5 + d**2. What is n(2)?
0
Let j(t) = -t**3 + 16*t**2 - 16*t + 24. Let p be j(15). Let x(b) = b - p - 16*b + 6*b + 5*b. What is x(-6)?
15
Let d(u) = -u**3 - 9*u**2 + 6. Let n be 0 - (4 - 2) - 7. Calculate d(n).
6
Let o be 42*((-15)/9)/(-5). Suppose -9*b - 20 = -o*b. Let g(r) = 62*r**2 - 63*r**2 + 6*r - 2 + b. Give g(6).
2
Let r = 0 + 1. Let g(q) = -2*q**2 + q**2 + 5*q - 10*q + r. Calculate g(-6).
-5
Let h(s) = -214*s - 219*s + 430*s - s**2 - 11. Determine h(0).
-11
Suppose -21*m + 11*m + 310 = 0. Suppose 5 = 4*y - m. Let g(f) = -f**3 + 10*f**2 - 10*f + 9. Give g(y).
0
Let n(p) = 3*p**3 - 6*p**2 + 6*p**2 - p**2 - 4*p**3 - 2*p. Determine n(-2).
8
Let j(m) = -2 - 5*m - 3 - 13*m**2 + m + 14*m**2. Let w be 10/2*(-2)/(-2). Give j(w).
0
Let w(l) = 3*l + 58. Let i be w(-18). Suppose c + 6 = 4*u - 2*u, -i*u + 12 = c. Let m(v) = -v**2 - v + 28. Give m(c).
28
Let z(n) = -3*n + 2. Let j(q) = 7*q - 4. Let t be (22/(-11))/(1/2). Let k(b) = t*j(b) - 9*z(b). Determine k(-6).
4
Let k(t) be the first derivative of -t**6/120 + t**5/60 + t**4/12 - 19*t**2/2 + 19. Let h(c) be the second derivative of k(c). What is h(2)?
0
Let g = 5 + -11. Let i(v) = 2*v + 1. Let m(c) = 3*c + 3. Let h be (10/6)/(-1 - 22/(-12)). Let t(w) = h*i(w) - m(w). Give t(g).
-7
Let l(i) be the first derivative of i**4/4 + i**3 + 2*i - 9. Let s(z) = 2*z**3 - 5*z**2 - 5*z + 3. Let g be s(3). Give l(g).
2
Let i = -16 + 10. Let f(p) be the first derivative of p**3/3 + 7*p**2/2 + 3*p - 606. Give f(i).
-3
Let k(h) be the first derivative of h**3/3 - 85. Calculate k(0).
0
Let z be 0*((-10)/50)/(6/(-15)). Let t(n) be the third derivative of 1/24*n**4 + 0 - 1/60*n**5 + z*n - 1/6*n**3 + 1/60*n**6 + 2*n**2. What is t(1)?
1
Let i be 9/18*-1*12. Let k be 1*2/((-4)/i). Let w(u) = -k*u**2 - 3*u + 4*u**2 - 5 + 0*u**2. What is w(4)?
-1
Suppose -n - 4*v + 14 = 0, n + 15 = 4*v - 11. Suppose -h = 5*c - 12, -11 = -5*c - 1. Let q(r) = -6 + 6*r**2 - 12*r + r**3 + 6*r**2 - 6*r**h + 10*r. Give q(n).
6
Let c = 144 + -98. Suppose 0 = -c*t + 44*t - 2. Let j(w) = -3*w**3 - 2*w**2 + 1. What is j(t)?
2
Let r(h) be the first derivative of -h - h**2 - 21 + 3*h**2 + 0*h**2 - 4*h**2. Determine r(-2).
7
Let m(u) be the third derivative of -36*u**2 + 0*u - 1/3*u**3 + 0 + 1/24*u**4. Determine m(-3).
-5
Suppose -s + 3*t - 20 = -2*t, 5 = -4*s + 5*t. Let v(n) = 0*n**2 + 8*n - 7*n - s*n**2 - 5. Let q(f) = 4*f**2 + 5. Let g(p) = 6*q(p) + 5*v(p). Give g(6).
-1
Suppose -4*z - 9 = -7*z. Let u(h) = h**2 - z*h**3 - 2*h + 1 + h + 0 + 0*h**3. Suppose -8*n + 7 = -4*n + j, 15 = 5*j. What is u(n)?
-2
Suppose 5*o - 10 = -0. Let f(v) = 4 - 2 - o*v + 4*v. Let q(z) = -z - 1. Let d(y) = -f(y) - 3*q(y). Give d(3).
4
Let x(z) = -3*z - 32. Let i be x(-12). Let d(k) = -3*k + 3. Let p(f) = -3*f + 3. Let a(u) = i*d(u) - 3*p(u). What is a(4)?
-9
Let f(x) = -x**3 - 7*x**2 + 9*x + 2. Let h be (-8)/(-44) + -60*12/88. Calculate f(h).
-6
Let j(h) be the first derivative of -h**4/12 - 2*h**3/3 + h**2/2 + 12*h - 10. Let n(c) be the first derivative of j(c). Let y = 3 - 8. Give n(y).
-4
Let f(g) be the first derivative of g**2/2 + 48. Let y(z) = z. Suppose -13 = -3*j - 2*p, 0*p - p + 4 = -j. Let b(m) = j*f(m) - 2*y(m). Determine b(-3).
3
Let d(h) = 3*h + 3485 - 3493 - h. Give d(1).
-6
Let d(s) = -2*s - 2*s - 5*s + 19*s - 4*s. Let a(v) = 5*v**3 - v. Let m be a(1). Determine d(m).
24
Let t(m) = m**2 + 9*m + 9. Let s(q) = -q**3 + 12*q**2 - 19*q - 9. Let x be s(10). Let p be -2*(3 - -1) + x. Give t(p).
-5
Let n be 1 + -69 - ((-6)/(-2) + 1). Let t = n + 76. Let w(b) = -b + 5. Determine w(t).
1
Let t(y) = -4*y - 10. Let a(d) = -2*d - 7. Let k(j) = -5*a(j) + 3*t(j). Give k(5).
-5
Suppose -4*u - 5*x + 33 = 0, 2*u + 12*x - 14 = 10*x. Let l(j) = 1. Let s(g) = -g - 4. Let o(r) = -6*l(r) - s(r). What is o(u)?
0
Suppose 0 = z + 10*z + 88. Let r(k) = 5*k - 7. Let q(w) = -2*w + 2. Let x(d) = z*q(d) - 3*r(d). Calculate x(0).
5
Let n(i) = 3*i + 3. Let q(c) be the third derivative of c**5/60 + c**4/3 + 3*c**3/2 + 6*c**2. Let h be q(-7). Suppose 4*l = 5*l + h. Determine n(l).
-3
Let k(o) = -o**2 - 12*o + 10. Let l(r) = -r**3 + 5*r**2 + 16*r - 25. Let x be l(7). What is k(x)?
21
Let n(k) = 5*k + 20. Suppose -42*c - 2*c = 264. Give n(c).
-10
Suppose 0 = -2*s + 4*s - 5*o - 26, -2*s = o - 2. Let f(n) = 16 - 6*n + n**2 + 10 - 23. What is f(s)?
-6
Let p(u) be the first derivative of -u**4/4 + 3*u**3 + u**2/2 + 2*u - 20. Calculate p(9).
11
Let p(s) = -s**3 - 11. Let f be (0/(-12))/(-4 + 2). Calculate p(f).
-11
Let y be (1 - -7)*-6*(-1)/16. Suppose 3*s - 1 = -2*x, 0*x + 3*s + 7 = 2*x. Let z(h) = 4*h - h - x*h**2 - 2 + h. Give z(y).
-8
Let i(y) = -23 - 4*y**2 + 3*y**2 - 16 - 7*y + 34 + 2*y. Suppose -2*k + 11 = -t, 0 = -0*k + 3*k - 9. Determine i(t).
-5
Let v(n) = n**3 - 24*n**2 - 5*n + 12. Let u(l) = l**3 - 27*l**2 - 6*l + 13. Let q(o) = -4*u(o) + 5*v(o). Give q(12).
-4
Let n(f) = f**2 + 4*f - 1. Let z(q) = 5*q**2 + 14*q - 3. Let x(g) = 9*n(g) - 2*z(g). Determine x(8).
-3
Let b(f) = 9*f + 68*f**2 - 36*f**2 - 31*f**2 - 13. Give b(-9).
-13
Let t(q) = 5*q**3 + 41*q**2 - 40*q - 36. Let r be t(-9). Let l(o) be the third derivative of r*o + 0 + 1/24*o**4 + 5/6*o**3 - o**2. Give l(4).
9
Let r(l) be the second derivative of l**7/2520 + l**6/240 + l**5/30 - 7*l**4/6 + 4*l. Let m(v) be the third derivative of r(v). Calculate m(-3).
4
Let y(v) = 11*v + 3. Let u(z) = -26*z - 5. Let s(l) = -2*u(l) - 5*y(l). Determine s(-10).
25
Let p(l) = 2*l**2 + 2. Suppose 3 + 3 = -3*f. Let g(a) = a**3 + 3*a**2 + a. Let c be g(f). Calculate p(c).
10
Suppose 0 = 136*b - 139*b + 6. Let m = 13 - 9. Let c(z) = -4*z**2 + m - 6*z + 0 + 3*z**b. Determine c(-6).
4
Let l(j) be the first derivative of j**2 - 3*j - 1. Suppose -5*r - 3*y = 20, -r - 2 = -5*y + 30. Give l(r).
-17
Let t(f) = f**3 + 7*f**2 + 8*f + 9. Suppose 7 - 39 = 2*i + 5*n, 5*i + 18 = 3*n. Calculate t(i).
-3
Let p(g) = 7*g. Let a be p(1). Let b(u) = -u + 9. Let f(i) = -i + 5. Let h(l) = a*f(l) - 4*b(l). Let d = 45 - 47. Determine h(d).
5
Suppose 58 = -20*q - 262. Let z(v) = v**3 + 16*v**2 + 3*v + 49. Give z(q).
1
Suppose -25 = -2*m - 9. Let c(k) = -2*k + 12. Give c(m).
-4
Let q(x) = -x**3 - 2*x**2 + 3*x + 3. Let r(g) = 6*g + 28. Let v be r(-7). Let m be -12 + (-8 - v) + 8/2. What is q(m)?
-3
Let s = 22 + -12. Suppose -5*q - 4*v = 21, -5*q - s = 2*v + 3. Let r(k) be the first derivative of 3*k**4 + k**2 + k - 3. Give r(q).
-13
Suppose -16 - 10 = -5*a - 4*s, 0 = -5*s - 5. Let x(r) = 7 - r**2 - 4*r**2 - 6*r + 6*r**2. Determine x(a).
7
Let t(i) = 2*i**2 + 3*i - 1. Suppose -257 = 6*g - 11*g + 3*r, -4*r + 56 = g. Let p = -50 + g. Give t(p).
13
Let o(a) be the third derivative of a**6/120 - a**5/120 + 11*a**3/6 + 14*a**2. Let p(w) be the first derivative of o(w). Give p(1).
2
Let t(c) = 5*c**3 - c**2 + 8. Let x(i) = -7*i**3 + 3*i**2 + i - 8. Let r(b) = -4*t(b) - 3*x(b). Determine r(6).
10
Let m(d) be the third derivative of d**4/12 - 2*d**3 - 7*d**2 + 3*d. Give m(10).
8
Let l(t) = -t**3 + 7*t**2 + 5*t - 10. Let o be l(7). Let p(m) = -12*m + 12 - o + 7 + 8. What is p(-2)?
26
Let g(n) = n**2 - 5*n + 9. Let q = 224 + -220. Calculate g(q).
5
Let s(y) = -y**3 + 11*y**2 - 11*y + 9. Let v be -1 - 7/(7/(-6)). Suppose 5*h - 40 = -v*f, 0*h = h + 2*f - 6. Calculate s(h).
-1
Let k(w) = 11*w**2 - 17*w + 16. Let p(j) = -9*j**2 + 16*j - 15. Let a(d) = -4*k(d) - 5*p(d). Determine a(11).
0
Let p = 55 - 40. Let